{"id":157,"date":"2025-10-09T12:43:09","date_gmt":"2025-10-09T12:43:09","guid":{"rendered":"https:\/\/minirent.is\/?post_type=product&#038;p=157"},"modified":"2025-10-16T10:52:26","modified_gmt":"2025-10-16T10:52:26","slug":"pop-up-strandtjald","status":"publish","type":"product","link":"https:\/\/minirent.is\/en\/vorur\/pop-up-strandtjald\/","title":{"rendered":"Pop-up Strandtjald"},"content":{"rendered":"<div class=\"booqable-product-button\" data-id=\"pop-up-strandtjald\"><\/div>\n<hr \/>\n<p>\u00deetta fallega og veglega strandtjald veitir <strong>UV 50+ v\u00f6rn<\/strong> gegn s\u00f3linni og er fr\u00e1b\u00e6rt fyrir str\u00f6ndina, gar\u00f0inn e\u00f0a \u00fatileguna. Tjaldi\u00f0 er einstaklega flj\u00f3tlegt \u00ed uppsetningu \u00fear sem \u00fea\u00f0 <strong>poppast upp a\u00f0 sj\u00e1lfu s\u00e9r<\/strong>, tilb\u00fai\u00f0 til notkunar \u00e1 augabrag\u00f0i.<\/p>\n<h4>Eiginleikar:<\/h4>\n<ul>\n<li>Veitir UV 50+ v\u00f6rn fr\u00e1 s\u00f3linni.<\/li>\n<li>Poppast upp \u00e1 \u00f6rf\u00e1um sek\u00fandum.<\/li>\n<li>Veitir 1,5 m\u00b2 af skugga.<\/li>\n<li>Pl\u00e1ss fyrir 2 b\u00f6rn e\u00f0a 1 barn og 1 fullor\u00f0inn.<\/li>\n<li>Kemur me\u00f0 t\u00f6sku og h\u00e6lum til a\u00f0 festa \u00ed j\u00f6r\u00f0u.<\/li>\n<\/ul>\n<h4>St\u00e6r\u00f0:<\/h4>\n<p>Uppsett: 125cm x 125cm x 110cm<br \/>Samanbroti\u00f0: 70cm \u00ed \u00feverm\u00e1l<\/p>\n<hr \/>\n<p style=\"text-align: center; font-style: italic;\">Allar okkar v\u00f6rur eru vandlega \u00ferifnar og s\u00f3tthreinsa\u00f0ar \u00e1 milli vi\u00f0skiptavina.<\/p>","protected":false},"excerpt":{"rendered":"<p>\u00deetta fallega og veglega strandtjald veitir UV 50+ v\u00f6rn gegn s\u00f3linni og er fr\u00e1b\u00e6rt fyrir str\u00f6ndina, gar\u00f0inn e\u00f0a \u00fatileguna. Tjaldi\u00f0&#8230;<\/p>","protected":false},"featured_media":160,"menu_order":0,"comment_status":"open","ping_status":"closed","template":"","meta":[],"product_brand":[],"product_cat":[37,38,31],"product_tag":[32],"class_list":{"0":"post-157","1":"product","2":"type-product","3":"status-publish","4":"has-post-thumbnail","6":"product_cat-ferdavorur","7":"product_cat-leiktimi","8":"product_cat-adrar-vorur","9":"product_tag-short-term","11":"first","12":"instock","13":"shipping-taxable","14":"product-type-simple"},"_links":{"self":[{"href":"https:\/\/minirent.is\/en\/wp-json\/wp\/v2\/product\/157","targetHints":{"allow":["GET"]}}],"collection":[{"href":"https:\/\/minirent.is\/en\/wp-json\/wp\/v2\/product"}],"about":[{"href":"https:\/\/minirent.is\/en\/wp-json\/wp\/v2\/types\/product"}],"replies":[{"embeddable":true,"href":"https:\/\/minirent.is\/en\/wp-json\/wp\/v2\/comments?post=157"}],"wp:featuredmedia":[{"embeddable":true,"href":"https:\/\/minirent.is\/en\/wp-json\/wp\/v2\/media\/160"}],"wp:attachment":[{"href":"https:\/\/minirent.is\/en\/wp-json\/wp\/v2\/media?parent=157"}],"wp:term":[{"taxonomy":"product_brand","embeddable":true,"href":"https:\/\/minirent.is\/en\/wp-json\/wp\/v2\/product_brand?post=157"},{"taxonomy":"product_cat","embeddable":true,"href":"https:\/\/minirent.is\/en\/wp-json\/wp\/v2\/product_cat?post=157"},{"taxonomy":"product_tag","embeddable":true,"href":"https:\/\/minirent.is\/en\/wp-json\/wp\/v2\/product_tag?post=157"}],"curies":[{"name":"wp","href":"https:\/\/api.w.org\/{rel}","templated":true}]}}

<div class="booqable-product-button" data-id="pop-up-strandtjald"></div>
<hr />
<p>Þetta fallega og veglega strandtjald veitir <strong>UV 50+ vörn</strong> gegn sólinni og er frábært fyrir ströndina, garðinn eða útileguna. Tjaldið er einstaklega fljótlegt í uppsetningu þar sem það <strong>poppast upp að sjálfu sér</strong>, tilbúið til notkunar á augabragði.</p>
<h4>Eiginleikar:</h4>
<ul>
<li>Veitir UV 50+ vörn frá sólinni.</li>
<li>Poppast upp á örfáum sekúndum.</li>
<li>Veitir 1,5 m² af skugga.</li>
<li>Pláss fyrir 2 börn eða 1 barn og 1 fullorðinn.</li>
<li>Kemur með tösku og hælum til að festa í jörðu.</li>
</ul>
<h4>Stærð:</h4>
<p>Uppsett: 125cm x 125cm x 110cm<br />Samanbrotið: 70cm í þvermál</p>
<hr />
<p style="text-align: center; font-style: italic;">Allar okkar vörur eru vandlega þrifnar og sótthreinsaðar á milli viðskiptavina.</p>

<p>Þetta fallega og veglega strandtjald veitir UV 50+ vörn gegn sólinni og er frábært fyrir ströndina, garðinn eða útileguna. Tjaldið&#8230;</p>
